{"id":2319,"date":"2023-02-07T14:30:09","date_gmt":"2023-02-07T12:30:09","guid":{"rendered":"https:\/\/dasmedias.ro\/?page_id=2319"},"modified":"2023-03-13T14:22:32","modified_gmt":"2023-03-13T12:22:32","slug":"serviciul-beneficii-de-asistenta-sociala-si-servicii-sociale","status":"publish","type":"page","link":"https:\/\/dasmedias.ro\/index.php\/unitati\/serviciul-beneficii-de-asistenta-sociala-si-servicii-sociale\/","title":{"rendered":"Serviciul Beneficii de Asisten\u0163\u0103 Social\u0103 \u015fi Servicii Sociale"},"content":{"rendered":"<p><strong>Scop<\/strong><\/p>\n<p>Prin activitatea sa, serviciul implementeaz\u0103 la nivel institu\u0163ional legisla\u021bia prin care se acord\u0103 urm\u0103toarele beneficii \u0219i servicii sociale:<\/p>\n<ul>\n<li>Ajutor social (venit minim garantat);<\/li>\n<li>Aloca\u021bia pentru sus\u021binerea familiei;<\/li>\n<li>Masa la cantina de ajutor social;<\/li>\n<li>Aloca\u021bii \u0219i indemniza\u021bii pentru cre\u0219terea copilului;<\/li>\n<li>Tichete sociale pentru gr\u0103dini\u021b\u0103;<\/li>\n<li>Ajutor de urgen\u021b\u0103;<\/li>\n<li>Ajutor pentru \u00eenc\u0103lzirea locuin\u021bei;<\/li>\n<li>Acordarea tichetelor sociale prin Programul social Alimente;<\/li>\n<\/ul>\n<p>&nbsp;<\/p>\n<p><strong>Componen\u0163a serviciului<\/strong><\/p>\n<p>Popa Camelia \u2013 \u0219ef serviciu \u2013 tel. 0269\/837764<\/p>\n<p>Cristea Mihaela \u2013 coordonator locuin\u021be sociale \u2013 tel. 0269\/837764<\/p>\n<p>Stuparu Lucia, Iernu\u021bianu Oana \u2013 protec\u021bia copilului \u2013 tel. 0269\/448252<\/p>\n<p>Rusu Cristina, Ormeni\u0219an Alin, Voinescu Cristian, Dumitru T\u0103tar \u2013 tel. 0269\/448252<\/p>\n<p>\u015eerb Emilia, G\u00eernod Ion, Cri\u0219an Aurica, Ernean Dana, Aldea Adina \u2013 tel. 0269\/448254<\/p>\n<ul>\n<li id=\"menu-item-2651\" class=\"menu-item menu-item-type-post_type menu-item-object-page\"><a href=\"https:\/\/dasmedias.ro\/index.php\/unitati\/serviciul-beneficii-de-asistenta-sociala-si-servicii-sociale\/beneficii-de-asistenta-sociala\/\"><span class=\"eb_menu_title\">Beneficii de Asisten\u0163\u0103 Social\u0103<\/span><\/a><\/li>\n<li id=\"menu-item-2652\" class=\"menu-item menu-item-type-post_type menu-item-object-page\"><a href=\"https:\/\/dasmedias.ro\/index.php\/unitati\/serviciul-beneficii-de-asistenta-sociala-si-servicii-sociale\/servicii-sociale\/\"><span class=\"eb_menu_title\">Servicii Sociale<\/span><\/a><\/li>\n<li id=\"menu-item-2663\" class=\"menu-item menu-item-type-post_type menu-item-object-page\"><a href=\"https:\/\/dasmedias.ro\/index.php\/unitati\/serviciul-beneficii-de-asistenta-sociala-si-servicii-sociale\/protectia-copilului\/\"><span class=\"eb_menu_title\">Protec\u021bia copilului<\/span><\/a><\/li>\n<\/ul>\n","protected":false},"excerpt":{"rendered":"<p>Scop Prin activitatea sa, serviciul implementeaz\u0103 la nivel institu\u0163ional legisla\u021bia prin care se acord\u0103 urm\u0103toarele beneficii \u0219i servicii sociale: Ajutor social (venit minim garantat); Aloca\u021bia pentru sus\u021binerea familiei; Masa la cantina de ajutor social; Aloca\u021bii \u0219i indemniza\u021bii pentru cre\u0219terea copilului; Tichete sociale pentru gr\u0103dini\u021b\u0103; Ajutor de urgen\u021b\u0103; Ajutor pentru \u00eenc\u0103lzirea locuin\u021bei; Acordarea tichetelor sociale prin Programul social Alimente; &nbsp; Componen\u0163a [&hellip;]<\/p>\n","protected":false},"author":1,"featured_media":0,"parent":2317,"menu_order":0,"comment_status":"closed","ping_status":"closed","template":"","meta":{"footnotes":""},"class_list":["post-2319","page","type-page","status-publish","hentry"],"_links":{"self":[{"href":"https:\/\/dasmedias.ro\/index.php\/wp-json\/wp\/v2\/pages\/2319","targetHints":{"allow":["GET"]}}],"collection":[{"href":"https:\/\/dasmedias.ro\/index.php\/wp-json\/wp\/v2\/pages"}],"about":[{"href":"https:\/\/dasmedias.ro\/index.php\/wp-json\/wp\/v2\/types\/page"}],"author":[{"embeddable":true,"href":"https:\/\/dasmedias.ro\/index.php\/wp-json\/wp\/v2\/users\/1"}],"replies":[{"embeddable":true,"href":"https:\/\/dasmedias.ro\/index.php\/wp-json\/wp\/v2\/comments?post=2319"}],"version-history":[{"count":14,"href":"https:\/\/dasmedias.ro\/index.php\/wp-json\/wp\/v2\/pages\/2319\/revisions"}],"predecessor-version":[{"id":2664,"href":"https:\/\/dasmedias.ro\/index.php\/wp-json\/wp\/v2\/pages\/2319\/revisions\/2664"}],"up":[{"embeddable":true,"href":"https:\/\/dasmedias.ro\/index.php\/wp-json\/wp\/v2\/pages\/2317"}],"wp:attachment":[{"href":"https:\/\/dasmedias.ro\/index.php\/wp-json\/wp\/v2\/media?parent=2319"}],"curies":[{"name":"wp","href":"https:\/\/api.w.org\/{rel}","templated":true}]}}

Serviciul Beneficii de Asistenţă Socială şi Servicii Sociale

<p><strong>Scop</strong></p>
<p>Prin activitatea sa, serviciul implementează la nivel instituţional legislația prin care se acordă următoarele beneficii și servicii sociale:</p>
<ul>
<li>Ajutor social (venit minim garantat);</li>
<li>Alocația pentru susținerea familiei;</li>
<li>Masa la cantina de ajutor social;</li>
<li>Alocații și indemnizații pentru creșterea copilului;</li>
<li>Tichete sociale pentru grădiniță;</li>
<li>Ajutor de urgență;</li>
<li>Ajutor pentru încălzirea locuinței;</li>
<li>Acordarea tichetelor sociale prin Programul social Alimente;</li>
</ul>
<p>&nbsp;</p>
<p><strong>Componenţa serviciului</strong></p>
<p>Popa Camelia – șef serviciu – tel. 0269/837764</p>
<p>Cristea Mihaela – coordonator locuințe sociale – tel. 0269/837764</p>
<p>Stuparu Lucia, Iernuțianu Oana – protecția copilului – tel. 0269/448252</p>
<p>Rusu Cristina, Ormenișan Alin, Voinescu Cristian, Dumitru Tătar – tel. 0269/448252</p>
<p>Şerb Emilia, Gîrnod Ion, Crișan Aurica, Ernean Dana, Aldea Adina – tel. 0269/448254</p>
<ul>
<li id="menu-item-2651" class="menu-item menu-item-type-post_type menu-item-object-page"><a href="https://dasmedias.ro/index.php/unitati/serviciul-beneficii-de-asistenta-sociala-si-servicii-sociale/beneficii-de-asistenta-sociala/"><span class="eb_menu_title">Beneficii de Asistenţă Socială</span></a></li>
<li id="menu-item-2652" class="menu-item menu-item-type-post_type menu-item-object-page"><a href="https://dasmedias.ro/index.php/unitati/serviciul-beneficii-de-asistenta-sociala-si-servicii-sociale/servicii-sociale/"><span class="eb_menu_title">Servicii Sociale</span></a></li>
<li id="menu-item-2663" class="menu-item menu-item-type-post_type menu-item-object-page"><a href="https://dasmedias.ro/index.php/unitati/serviciul-beneficii-de-asistenta-sociala-si-servicii-sociale/protectia-copilului/"><span class="eb_menu_title">Protecția copilului</span></a></li>
</ul>

<p>Scop Prin activitatea sa, serviciul implementează la nivel instituţional legislația prin care se acordă următoarele beneficii și servicii sociale: Ajutor social (venit minim garantat); Alocația pentru susținerea familiei; Masa la cantina de ajutor social; Alocații și indemnizații pentru creșterea copilului; Tichete sociale pentru grădiniță; Ajutor de urgență; Ajutor pentru încălzirea locuinței; Acordarea tichetelor sociale prin Programul social Alimente; &nbsp; Componenţa [&hellip;]</p>
