{"id":114,"date":"2023-02-03T13:22:18","date_gmt":"2023-02-03T13:22:18","guid":{"rendered":"http:\/\/dasmedias.ro\/?page_id=2"},"modified":"2023-02-03T13:22:18","modified_gmt":"2023-02-03T13:22:18","slug":"cookie-policy-us","status":"publish","type":"page","link":"https:\/\/dasmedias.ro\/index.php\/cookie-policy-us\/","title":{"rendered":"Cookie Policy (US)"},"content":{"rendered":"<p><b><i>&lt; Problematica omului \u00een centrul aten\u021biei noastre \u2026 &gt;<\/i><\/b><\/p>\n<p><b><i>BENEFICIARII SERVICIILOR SOCIALE<\/i><\/b><\/p>\n<p><b><i>\u00a0<\/i><\/b><b><i>\u00a0 Sunt toate categoriile de persoane care din motive economice , fizice , psihice sau sociale nu au posibilitatea s\u0103 \u00ee\u015fi asigure nevoile sociale , s\u0103 \u00ee\u015fi dezvolte propriile capacit\u0103\u021bi de\u00a0 integrare social\u0103.<\/i><\/b><\/p>\n<p><b><i>\u00a0\u00a0\u00a0\u00a0\u00a0\u00a0 M\u0102SURI DE ASISTEN\u0162\u0102 SOCIAL\u0102 <\/i><\/b><\/p>\n<p><b><i>\u00a0\u00a0\u00a0\u00a0\u00a0 \u00cen domeniul :<\/i><\/b><\/p>\n<p>\u2013\u00a0\u00a0\u00a0\u00a0\u00a0\u00a0\u00a0\u00a0\u00a0 <b><i>protec\u021biei copilului<\/i><\/b><\/p>\n<p>\u2013\u00a0\u00a0\u00a0\u00a0\u00a0\u00a0\u00a0\u00a0 <b><i>protec\u021biei\u00a0<\/i><\/b> <b><i>familiei <\/i><\/b><\/p>\n<p>\u2013\u00a0\u00a0\u00a0\u00a0\u00a0\u00a0\u00a0\u00a0\u00a0 <b><i>persoanelor singure<\/i><\/b><\/p>\n<p>\u2013\u00a0\u00a0\u00a0\u00a0\u00a0\u00a0\u00a0\u00a0\u00a0 <b><i>persoanelor v\u00e2rstnice <\/i><\/b><\/p>\n<p>\u2013\u00a0\u00a0\u00a0\u00a0\u00a0\u00a0\u00a0\u00a0\u00a0 <b><i>persoanelor cu handicap\u00a0 <\/i><\/b><\/p>\n<p><b><i>precum \u0219i oric\u0103ror altor persoane sau familii aflate \u00een dificultate.<\/i><\/b><\/p>\n<p><b><i>\u00a0<\/i><\/b><b><i>Toat\u0103 activitatea noastr\u0103, prin aplicarea legilor , prin informare \u015fi consiliere este desf\u0103\u0219urat\u0103 \u00een interesul cet\u0103\u021beanului\u00a0 !<\/i><\/b><\/p>\n","protected":false},"excerpt":{"rendered":"<p>&lt; Problematica omului \u00een centrul aten\u021biei noastre \u2026 &gt; BENEFICIARII SERVICIILOR SOCIALE \u00a0\u00a0 Sunt toate categoriile de persoane care din motive economice , fizice , psihice sau sociale nu au posibilitatea s\u0103 \u00ee\u015fi asigure nevoile sociale , s\u0103 \u00ee\u015fi dezvolte propriile capacit\u0103\u021bi de\u00a0 integrare social\u0103. \u00a0\u00a0\u00a0\u00a0\u00a0\u00a0 M\u0102SURI DE ASISTEN\u0162\u0102 SOCIAL\u0102 \u00a0\u00a0\u00a0\u00a0\u00a0 \u00cen domeniul : \u2013\u00a0\u00a0\u00a0\u00a0\u00a0\u00a0\u00a0\u00a0\u00a0 protec\u021biei copilului \u2013\u00a0\u00a0\u00a0\u00a0\u00a0\u00a0\u00a0\u00a0 protec\u021biei\u00a0 familiei [&hellip;]<\/p>\n","protected":false},"author":1,"featured_media":0,"parent":0,"menu_order":0,"comment_status":"closed","ping_status":"open","template":"","meta":{"footnotes":""},"class_list":["post-114","page","type-page","status-publish","hentry"],"_links":{"self":[{"href":"https:\/\/dasmedias.ro\/index.php\/wp-json\/wp\/v2\/pages\/114","targetHints":{"allow":["GET"]}}],"collection":[{"href":"https:\/\/dasmedias.ro\/index.php\/wp-json\/wp\/v2\/pages"}],"about":[{"href":"https:\/\/dasmedias.ro\/index.php\/wp-json\/wp\/v2\/types\/page"}],"author":[{"embeddable":true,"href":"https:\/\/dasmedias.ro\/index.php\/wp-json\/wp\/v2\/users\/1"}],"replies":[{"embeddable":true,"href":"https:\/\/dasmedias.ro\/index.php\/wp-json\/wp\/v2\/comments?post=114"}],"version-history":[{"count":0,"href":"https:\/\/dasmedias.ro\/index.php\/wp-json\/wp\/v2\/pages\/114\/revisions"}],"wp:attachment":[{"href":"https:\/\/dasmedias.ro\/index.php\/wp-json\/wp\/v2\/media?parent=114"}],"curies":[{"name":"wp","href":"https:\/\/api.w.org\/{rel}","templated":true}]}}

<p><b><i>&lt; Problematica omului în centrul atenției noastre … &gt;</i></b></p>
<p><b><i>BENEFICIARII SERVICIILOR SOCIALE</i></b></p>
<p><b><i> </i></b><b><i>  Sunt toate categoriile de persoane care din motive economice , fizice , psihice sau sociale nu au posibilitatea să îşi asigure nevoile sociale , să îşi dezvolte propriile capacități de  integrare socială.</i></b></p>
<p><b><i>       MĂSURI DE ASISTENŢĂ SOCIALĂ </i></b></p>
<p><b><i>      În domeniul :</i></b></p>
<p>–          <b><i>protecției copilului</i></b></p>
<p>–         <b><i>protecției </i></b> <b><i>familiei </i></b></p>
<p>–          <b><i>persoanelor singure</i></b></p>
<p>–          <b><i>persoanelor vârstnice </i></b></p>
<p>–          <b><i>persoanelor cu handicap  </i></b></p>
<p><b><i>precum și oricăror altor persoane sau familii aflate în dificultate.</i></b></p>
<p><b><i> </i></b><b><i>Toată activitatea noastră, prin aplicarea legilor , prin informare şi consiliere este desfășurată în interesul cetățeanului  !</i></b></p>

<p>&lt; Problematica omului în centrul atenției noastre … &gt; BENEFICIARII SERVICIILOR SOCIALE    Sunt toate categoriile de persoane care din motive economice , fizice , psihice sau sociale nu au posibilitatea să îşi asigure nevoile sociale , să îşi dezvolte propriile capacități de  integrare socială.        MĂSURI DE ASISTENŢĂ SOCIALĂ       În domeniul : –          protecției copilului –         protecției  familiei [&hellip;]</p>
